) be the first derivative of 5*v**2/2 - 19*v - 25. Let w be o(4). What is f(w)?
5
Let f(b) be the second derivative of b**5/20 - 5*b**4/12 + b**3/2 + 354*b. Give f(4).
-4
Let y(g) = -31*g + 42. Let u(a) = -11*a + 15. Let w(x) = 17*u(x) - 6*y(x). Determine w(-4).
7
Let n(a) = 6*a**2 + 6*a + 31. Let y(q) = 2*q + 1 - 3*q + q**2 + 2*q + 5. Let d(l) = 2*n(l) - 11*y(l). Suppose z - 3*z = 0. What is d(z)?
-4
Let t(u) = u**2 + 3*u + 10. Let m(c) = -c**2 + 29*c - 217. Let z be m(14). Determine t(z).
38
Let s = -69 + 66. Let y = -3 + 6. Let o(c) = -1 - 6*c + y - 1 - c**2 + 0. What is o(s)?
10
Let g(d) = 2*d**2 + 10*d + 8. Let k(f) = -f**3 - 2*f**2 - 3*f + 2. Let q be k(0). Let a(o) = o**3 - 3*o**2 - o. Let h be a(q). Determine g(h).
20
Let y(s) = -72*s + 0 - 1 + 67*s + 0*s**2 - s**2. Suppose 0*i + 5 = -i. Determine y(i).
-1
Let y(h) = -7*h - 4. Suppose -20 = k + 5*f, -2*f + 14 = -8*k + 4*k. Calculate y(k).
31
Let s(x) = x**2 - 3*x - 30. Let u be s(10). Let r be 45/u - -7 - 2/16. Let q(g) = g**3 - 7*g**2 - 5*g - 1. What is q(r)?
23
Let j(b) = b**2 - 6*b + 3. Let l(u) = -2*u**2 + 9*u + 18. Let y be l(6). Suppose -w + 12 = 5*n - 2*n, 5*w - 2*n - 26 = y. Give j(w).
3
Let f(s) = -s - 13. Let n = 228 + -238. What is f(n)?
-3
Let a be (-32)/4*(-2)/4. Suppose -r + 30 = -a*r. Let q = 13 + r. Let k(u) = -u**3 + 3*u**2 + 2*u - 4. Give k(q).
2
Suppose 4 = -3*q - 2. Let h(u) = -3*u**3 - 4 + u + 2 + 3*u**2 + 4*u**3. Determine h(q).
0
Let p(l) be the second derivative of -l**4/6 + 10*l**3/3 - 3*l**2 + 133*l. Determine p(11).
-28
Let l(y) be the second derivative of y**3/6 - y**2/2 - 112*y. Calculate l(-6).
-7
Let u = 3 - 8. Let x(j) be the first derivative of j**5/30 + j**4/4 - 2*j**3/3 - 2*j**2 - 15. Let i(o) be the second derivative of x(o). What is i(u)?
16
Let r(v) = 197*v**2 + 4*v - 4. Let x be r(4). Let o(y) = -y + 3164 - x - y**2 + 7*y**3. Determine o(-1).
-7
Let f(d) = d**2 + 9*d + 11. Let y be f(-8). Suppose -7 = y*m - 22. Let w(p) be the third derivative of p**6/120 - p**5/10 + 7*p**4/24 + p**2. Give w(m).
10
Let x = -5 + 8. Let h(s) = 2*s**2 - 1. Let l(a) = -11*a**2 + 3. Let f(k) = 5*h(k) + l(k). What is f(x)?
-11
Let f(h) = 5*h**2 + 19*h - 11. Let l(z) = 9*z**2 + 31*z - 22. Let d(k) = -7*f(k) + 4*l(k). Suppose -19 = -2*c + 1. Calculate d(c).
-1
Let k(u) = 7*u**2 + u + 11. Let s(j) = -3*j**2 - 2*j - 5. Let n(g) = -2*k(g) - 5*s(g). What is n(-8)?
3
Let r = -111 + 108. Let l(p) = p**2 + 10*p + 15. What is l(r)?
-6
Let x(n) = -n**2 - 10*n - 3. Let i be x(-8). Let v(z) = z**3 - 14*z**2 + 14*z - 7. Let w be v(i). Let g(l) = -2*l + 4. Give g(w).
-8
Suppose -3 = -2*b + 5*x, 2*b - 3*b + 3*x = -1. Let k be ((-6)/39 - 134/(-26)) + -3. Let g(m) = -2*m + 5*m**k - 169 - m**3 + 84 + 81. What is g(b)?
4
Let k(a) = 13 - a + 0 - 44*a**2 + 43*a**2. Calculate k(0).
13
Let x = 292 + -275. Let g(o) = -o**3 + 17*o**2 + 6. Give g(x).
6
Let l(f) be the second derivative of -f**4/12 - f**3/2 - f**2 - 33*f. Calculate l(-3).
-2
Suppose -4*y - 4*h + 44 = 0, -4*y = -2*h - 3*h + 1. Let o(b) = 2*b**2 - 9*b + 6. Give o(y).
24
Suppose -3*a = -l - 8, l - 4 = -3*l + 3*a. Let g(s) = l + 10 - 4*s - 11 - s**2. Suppose 1 = 2*z + 3*y, -4*z - y - 13 = -0. Determine g(z).
3
Let f(x) = -x**3 + 8*x**2 + 13*x - 32. Let p be f(9). Let a(h) = 2*h + 2. What is a(p)?
10
Let z(a) = 12*a - 2. Let h(u) = -7*u + 1. Let j(w) = -5*h(w) - 3*z(w). Calculate j(0).
1
Let y = -1 - 4. Let w(u) = -55*u + 51*u - 9 + 2 + 3*u**2 - 4*u**2. Calculate w(y).
-12
Let g(y) = -227 - 10*y - 230 + 0*y - 232 + 687. What is g(-3)?
28
Let b(y) = 3*y - 7. Let a = 1445 + -1441. What is b(a)?
5
Let i = -118 + 125. Let p(n) = 2*n**2 - 18*n + 9. Determine p(i).
-19
Let s be 1/((-1)/(-7)*1). Let g(q) = q**3 - 8*q**2 + 5*q + 7. What is g(s)?
-7
Let n be (-2 + 3)*(-6 - -12). Let i(y) = 2*y + 7. What is i(n)?
19
Let l(j) be the second derivative of j**3/6 + 7*j**2/2 + 152*j. Calculate l(0).
7
Let q(n) = -n - 5. Let a(i) = 1. Let m(z) = 2*a(z) - q(z). Calculate m(-5).
2
Let b = 1 - -4. Suppose b*m - 3*p + 24 = 0, -3*m = -p + 15 - 3. Let k = m + -2. Let f(r) = -r**2 - 6*r - 3. Give f(k).
2
Let a(x) = 0*x + 19*x - 22*x. Give a(-1).
3
Let g(n) = -n**3 - 5*n**2 - 3*n. Suppose 2*i - 4 = i. Let q be 7/2*12/(-21) + 4. Suppose 0 = -i*z + q*z - 8. Calculate g(z).
-4
Let d(w) = 18*w + 228. Let p be d(-13). Let z(j) = 1 + 5 - 2 + 2*j. Calculate z(p).
-8
Let a be (-1 - 2) + 9/3. Suppose -3*o = -3*z - a*z + 18, 9 = 2*z - o. Let w(h) = -h + h**2 + 0*h - z*h + 2. Determine w(4).
2
Let m be 12/(5 - 9) - -3. Let h(z) = z + 1. Let g be h(1). Let n(a) = a**2 + 3 + 1 - g + a. Give n(m).
2
Let w be (16/(-44))/(10/(-55)). Let y(o) = -5*o**2 - o. What is y(w)?
-22
Let o(k) = k**2 - 9*k + 10. Suppose 21 = -4*i + 7*i + 3*y, 0 = y. Calculate o(i).
-4
Let w(d) be the first derivative of -d**2 - 14*d - 96. Give w(-6).
-2
Let g(c) = c + 1. Let j = 7 + -7. Suppose -2*t + 6 = j, -1 = 3*l + 4*t + 2. Let v be g(l). Let y(s) = -s**3 - 4*s**2 + 3. What is y(v)?
3
Suppose 0 = -5*v - 10, -30*b + 34*b = -4*v - 44. Let o(p) = p**3 + 9*p**2 - p - 8. Calculate o(b).
1
Let m(r) = 6*r**3 + 13*r - 11*r + 0*r + 1 + 2*r**2. Let c be 4/(-3) + (-2)/(-6). Calculate m(c).
-5
Let n(m) = -m**3 - m**2 + 2. Let x(f) = f**3 - 1. Suppose -2*q - 6 = -4*q. Let v(o) = q*x(o) + 2*n(o). Calculate v(-1).
-2
Let i(q) = -q**2 - 4*q - 5. Let t be i(-4). Let b be (-3)/15 - 16/t. Let u(l) = -2*l**2 + 5*l**2 - 4*l**2 - 2*l + b*l. Calculate u(-1).
-2
Let d(w) = 3*w**3 - 4*w**2 - 8*w + 2. Let n(k) = 4*k**3 - 3*k**2 - 8*k + 2. Let i(a) = -5*d(a) + 4*n(a). Determine i(-7).
-9
Let y(v) = 3*v - 2. Let j be y(2). Let i(z) = -z + j - 3*z**2 + 3*z + 0*z + 9*z**2 + z**3. Let g = 154 + -160. Calculate i(g).
-8
Suppose -11*j - 23 = 21. Let p(c) = -10*c - 3. Calculate p(j).
37
Let i(j) = j**3 + 3*j**2 - 7*j + 1. Suppose -4*m + 5*q - 40 = 0, 7*q - 12*q + 20 = 0. Calculate i(m).
-14
Let k(p) = -p**3 - 10*p**2 - 6*p + 1. Suppose 0 = 5*g - 75 + 120. Give k(g).
-26
Let n(q) be the third derivative of 0 - 28*q**2 + 0*q - 1/6*q**3 + 1/24*q**4. Let r = -3 + 2. What is n(r)?
-2
Let g(d) = -11*d - 21. Let u be g(-6). Suppose 5*a + u = 10*a. Suppose 7*m = -l + 3*m - a, 21 = -4*l - m. Let f(v) = -v**3 - 6*v**2 - 4*v + 6. Give f(l).
1
Let m(a) = 51*a + 41. Let d(z) = 144*z + 121. Let w(h) = 6*d(h) - 17*m(h). What is w(9)?
2
Suppose -3*o + 1 = 19. Let b = -43 + 93. Let z(d) = 2*d + b - 48 - d. What is z(o)?
-4
Let a(h) = h - 6. Let d be 2/6 - (-28)/(-3). Let g be (d/(-5))/((-5)/(-25)). Suppose 2*k = -r + 20 - g, r = 4*k - 19. Give a(k).
-1
Let k(b) be the third derivative of b**4/24 - 17*b**3/6 + 373*b**2. Determine k(9).
-8
Let g(n) = 2*n + 0*n - 2*n + 2 - n**2 - 4*n. Suppose -4*i = -2*p - 8, -3*p - 5 = 2*p - 5*i. Suppose q = 2*q + l + p, 3*l - 14 = 2*q. Determine g(q).
2
Let v(a) = 3*a**3 - 27*a**2 + 12*a - 55. Let t(c) = -2*c**3 + 13*c**2 - 4*c + 27. Let x(j) = -5*t(j) - 3*v(j). Calculate x(-17).
13
Let u(c) be the second derivative of c**3/6 - 9*c**2/2 - 4*c. Let m(t) = t**2 - 2*t - 3. Let x be (-18)/(-5) - 33/55. Let y be m(x). Give u(y).
-9
Let g(h) be the third derivative of -h**5/60 - 11*h**4/24 - 5*h**3/3 + h**2 + 81*h. Calculate g(-8).
14
Let k(b) = -b**3 + b**2 - 2*b + 19. Let v be k(0). Suppose v*t - 70 = 9*t. Let x(h) = h**2 - 5*h + 10. Determine x(t).
24
Let g = -68 - -68. Let n be (-16)/(-3) + (-1)/3. Let q(h) = h + h - 1 - 2*h**2 + n*h**2 + g*h**2. Determine q(1).
4
Suppose 0*h + 7*h - 28 = 0. Suppose h*l = 2*l + 5*j - 11, 3*l + 25 = -j. Let f(u) = 2*u + 10. Determine f(l).
-6
Let y(j) = 3 - 7*j**2 - 7 + j**3 + 8*j - 5 + 1. Let v be y(6). Let f(l) = -3*l + 4. Give f(v).
-8
Suppose 0 = 2*a + 5*h + 9, 3*h = 4*a - 12 - 9. Suppose -4*y + a*y = t - 5, -5*y = t - 17. Let s(z) = 0*z - 4*z**t - z - z**3 - 2*z. Calculate s(-3).
0
Let s(h) be the first derivative of -12 + h + 1/2*h**2. Let i(k) = 3*k**2 - 1. Let j be i(-1). Determine s(j).
3
Suppose m = -0 + 5. Let q(z) = -2*z**3 - 2*z**2 + 3*z + 10. Let t(n) = n**3 + 3*n**2 - 2*n - 9. Let l(h) = -2*q(h) - 3*t(h). Calculate l(m).
7
Let q(r) = -r - 1. Let n = -24 - -26. Suppose n*w = 32 + 4. Let m = w + -21. Determine q(m).
2
Let r(b) = -3*b - 67 - 33*b**2 + 72 + 31*b**2. Determine r(-4).
-15
Let m(j) = 11*j**3 + 4*j**2 - j + 3. Let f(v) = 3*v**3 - v**2 + v + 1. Let r(q) = 4*